. Suppose 4*p = 2*p + 2*u, -i*u = 2*p - 18. Is p a composite number?
False
Suppose 3*r = 29103 - 5877. Let d = -4471 + r. Is d a prime number?
True
Let t = 185645 - 124200. Is t prime?
False
Suppose -3*z + 9514 = -x, z - 3587 = 3*x - 429. Is z composite?
True
Let q be 21/(-3)*1 + 1. Let y(d) = -2*d**3 - 5*d**2 - 16*d - 19. Let u(i) = i**3 + 3*i**2 + 8*i + 9. Let s(v) = -9*u(v) - 4*y(v). Is s(q) a prime number?
True
Is 160 + -4 + (-4 + 8)/2 composite?
True
Suppose 5 = -5*b - 0*b. Let l = 6 + b. Suppose 185 = t + l*i, 0 = -t + 6*t + 2*i - 925. Is t a composite number?
True
Suppose 2*p - 7*p + 3*r = -54, -2*p + 30 = -4*r. Is -191*3/(p/(-3)) composite?
False
Let x(j) = 139*j**2 - 2*j + 5. Let z(r) = -2*r + 14. Let h be z(6). Is x(h) composite?
False
Let h = 3997 + -1924. Is h prime?
False
Let t be 0/(-3)*(-3)/(-6). Suppose -9 = -3*u, t*w + 3*u = 4*w + 17. Is -3*(-141)/((-6)/w) a prime number?
False
Suppose -3728 = -b + 5*s, 0 = 5*b - 2*s + 5*s - 18668. Is b a prime number?
True
Suppose 0 = -2*r + 3889 + 589. Suppose -526 + r = q. Is q prime?
False
Let b be 18/(-12) + (-7)/(-2). Suppose z - n + 569 = -0*z, -3*n - 1128 = b*z. Let d = -238 - z. Is d composite?
True
Suppose 3*s - 54 = -5*x + 28, -5*s = 2*x - 29. Suppose -5*y = j - 4*j - x, -4*y + j + 15 = 0. Suppose y*k - 184 - 1020 = 0. Is k a composite number?
True
Let x be (-1 - 36/3)/(-1). Let k = x + -10. Suppose -2*y + k*v = -140, -5*v - 174 - 37 = -3*y. Is y a prime number?
True
Let g = 33 + -28. Suppose 4*a - 1897 + 214 = -g*d, -4*a = -d + 351. Is d composite?
True
Let o be (24/10)/((-3)/2320*-4). Let c = 2365 - o. Is c prime?
True
Let n(l) = -l - 8. Let a = -5 + -3. Let r be n(a). Suppose i - 2*v - 169 = 0, 2*i = -r*v - v + 333. Is i composite?
False
Let f = -24614 + 34527. Is f a prime number?
False
Suppose n - 2*n + 7 = 0. Let q(x) = x**3 - 2*x**2 - 7*x + 7. Is q(n) prime?
False
Let h = 91742 + -52908. Is h composite?
True
Let z be 9*(3 + 28/(-12)). Is 2180/40 + z/(-4) prime?
True
Let a = 3951 - -7628. Is a a composite number?
False
Let s(d) = 4*d**2 - 6 + 0*d**2 + d**2 - 4*d. Let h(y) = y + 31. Let m be h(-24). Is s(m) a prime number?
True
Suppose 2*l + 2*z = 13564, 7*z - 12*z - 13543 = -2*l. Is l composite?
False
Let g(x) = -6629*x - 65. Is g(-2) a composite number?
True
Let r be 1*2 - (-5)/5. Suppose 3*g - 2187 = g - 5*u, 5496 = 5*g + r*u. Suppose -3*h = -0*h - g. Is h a composite number?
False
Suppose -22*s = -18*s. Suppose -17*g + 4797 + 4672 = s. Is g a prime number?
True
Let k be 14 + -17 + (1 - -2). Suppose -1984 = -5*u - b, -u - 4*b - b + 392 = k. Is u a composite number?
False
Let u be (-14512)/(-20) - 3/5. Suppose 7*f - u = 2*f. Is f prime?
False
Suppose -9134 = -6*a + 2*a - 3*g, 0 = -a - g + 2283. Is a a composite number?
True
Suppose -35372 = -4*h + 35936. Is h prime?
True
Suppose -5*m = 2*s - 6*s - 46655, -2*s - 37330 = -4*m. Is m prime?
False
Suppose i + 0*i + 3 = 0, -4*h + 13344 = -4*i. Suppose 3*d + h = 6*d. Is d a composite number?
True
Let h = 5627 - 796. Is h a prime number?
True
Is ((-23)/((-184)/1506))/(3/4) a prime number?
True
Suppose -4 = -2*z + 4. Suppose 5*l = z + 1. Is l/4 + 17897/44 composite?
True
Is ((-17562)/(-15))/((-12)/(-30)) composite?
False
Let m = -1860 - -2411. Is m composite?
True
Suppose 3 = -7*q + 31. Is ((-10)/(-2) - q)*(0 - -573) prime?
False
Let r(l) = l**2 - 18*l + 45. Let g be r(20). Let x = g - -4. Is x a composite number?
False
Let w be 2/4*(0 - -6). Suppose 2388 = w*f - 3*r, 0 = 5*f - r + 642 - 4614. Is f a prime number?
False
Suppose 2*z + n - 6694 = 0, 2*n = -5*z + n + 16735. Is z a prime number?
True
Let x = 3270 + -1537. Is x a composite number?
False
Suppose -3*c + 3*x + 12 = 4*x, 2*c + 9 = 5*x. Let u = 410 + 200. Suppose 0 = c*j - u - 611. Is j a prime number?
False
Let a(c) = 14*c**2 - 35*c + 43. Is a(22) a prime number?
False
Let h = 27728 - 14950. Is h prime?
False
Let r(f) = -7*f - 79. Let x = -8 + 7. Let z(g) = -g + 1. Let y(u) = x*r(u) + 6*z(u). Is y(0) a composite number?
True
Suppose 8*i - 10*i - 8 = 0. Let n = i - 16. Let b = 73 + n. Is b a prime number?
True
Is 1/(-18)*(-144)/32*15628 prime?
True
Suppose 0 = -13*f - 0*f + 6383. Is f composite?
False
Let r = 34 - 17. Suppose 5*b = -4*u + 185, -5*b = 5*u - 173 - r. Let l = -23 + b. Is l a composite number?
True
Suppose -u + 426 = u + 2*z, 5*u - 1073 = -3*z. Suppose u = v - 39. Suppose v = n - 489. Is n a composite number?
True
Let x(s) = 535*s - 14. Is x(3) composite?
True
Suppose -5*t = -122 - 193. Suppose 138 = -v - t. Let f = v + 296. Is f a prime number?
False
Suppose -62*s + 33608 = -54*s. Is s a prime number?
True
Suppose 5*a - 4*x - 14564 = a, 0 = -2*x - 8. Is a a composite number?
False
Suppose 80*o - 22141 = 73*o. Is o a composite number?
False
Let o(l) = -9155*l - 324. Is o(-7) a composite number?
False
Let y = -10 - -2. Let q(f) = 53*f - 41*f + f**3 + 7*f**2 - 1 + 3*f**2. Is q(y) a composite number?
False
Let t(h) = 4804*h + 9. Is t(5) a prime number?
True
Suppose 4*b = 3*m + 14, 4*m - 2*b + 4*b = -4. Let q be -74 + 6/(6/m). Let x = 165 + q. Is x prime?
True
Suppose -8 + 33 = 5*j. Let h(n) = 151*n + 14. Is h(j) prime?
True
Let r = -28 - -31. Is r + -4 + -2 + 122 a composite number?
True
Suppose 0 = -l + 5*l - 128. Suppose -2*o + 414 = 4*r + l, 4*r - 569 = -3*o. Is o a composite number?
True
Let a(w) = 5*w**2 - w + 1. Let d be a(-4). Suppose -45 = 4*n + 147. Let s = n + d. Is s a prime number?
True
Let j = 37792 + -23741. Is j a composite number?
False
Suppose -3*z + 22563 = -3*v, 0 = 9*z - 11*z + 4*v + 15050. Is z a composite number?
False
Let y = 23780 + 97623. Is y a composite number?
False
Is (63/(-42))/(1/(-4618)) a prime number?
False
Let a(k) = -k**3 - 2*k**2 - k + 14. Let w = -62 + 57. Is a(w) composite?
True
Suppose -2 = 4*k - 5*k. Suppose b - k*h = -2*b + 22, 3*b = 3*h + 27. Is (1126/b)/((-8)/(-16)) a prime number?
True
Is (-2)/((-6)/(-9))*13929/(-3) a composite number?
True
Let u(d) = -d**3 - 9*d**2 + 9*d - 7. Let z be u(-10). Suppose -z*c + 771 + 614 = y, -3*c = -3*y + 4179. Is y a prime number?
False
Let p be (-274)/4*2 + 2. Suppose 202 = -44*y + 43*y. Let i = p - y. Is i composite?
False
Let b = -157 - -907. Suppose 4*d = -2*n - 50 + b, 515 = 3*d + 4*n. Is d a composite number?
True
Let w be (-16)/12*6/(-4). Suppose 2*s + 3*s - 5*u - 2220 = 0, 2*u - 896 = -w*s. Is s composite?
True
Let j(i) be the first derivative of i**6/5 - i**5/60 - i**4/24 - 2*i**3 - 5. Let b(y) be the third derivative of j(y). Is b(-2) prime?
False
Let o be 0 + 6 - (-1 + 4). Suppose o*m + 1487 = 4*d + 2*m, 3*d + m = 1110. Is d a composite number?
True
Suppose 0 = -3*b + 9*b - 4176. Let q = b + -250. Is q composite?
True
Suppose -7 = 3*a + 4*l, 2*a + 6 - 4 = -2*l. Suppose 5*p = 5*m - 320, 0*m + 198 = a*m - p. Is m a composite number?
False
Let h(x) = x**3 - 8*x**2 + 8*x - 2. Let p be h(7). Suppose -4*n + 0*d = 4*d - 568, p*n - 3*d - 734 = 0. Is n a composite number?
True
Suppose 0 = 5*b - 1847 - 863. Suppose 0*o + b = 2*o. Is o composite?
False
Let n(c) = -2*c - 10. Let t be n(-5). Suppose -4*x = -3*o + 765, -4*o + 0*o + 4*x + 1016 = t. Is o a composite number?
False
Let b = 55173 + -36224. Is b a composite number?
True
Let p = 11 + -8. Suppose m = p*m. Suppose -149 = -o - m*o. Is o prime?
True
Let o(k) = -3*k - 13. Let u be o(-5). Is u/3 + (-1183)/(-39) composite?
False
Let t = 130 - 130. Suppose 0 = -0*r - 2*r + 632. Suppose t = 2*s + 2*s - r. Is s composite?
False
Let t = 185909 + -100848. Is t prime?
True
Suppose 0*y - 4 = -y - 4*n, 0 = 5*y - 2*n - 42. Suppose -2*t - 17 = 3*u, t - 2*u = y + 1. Is t - (3 - (194 + 1)) composite?
False
Let y = -1642 - -4419. Is y composite?
False
Suppose 0 = 5*t + 37 - 147. Is t a composite number?
True
Suppose -w + 5*z - 557 = -3055, 4*w + 5*z = 10017. Is w prime?
True
Let f(r) = 3*r + 11. Let v be f(-3). Is (v - 1023/(-9))/((-9)/(-27)) prime?
True
Let x = 211 - -400. Let t = x - 318. Is t a composite number?
False
Suppose 23 = 4*f - 1. Is -6 + 3 + f - -3454 a composite number?
False
Suppose 3 = -3*j - 3*g + 9, 2*g + 20 = 2*j. Suppose -j = -i - 4*x, -5*i = x + 3*x - 14. Is i/(2 + 232/(-118)) a prime number?
True
Suppose 3*z - 181 = 5*a, z + a - 23 - 48 = 0. Let w(i) = i**3 - 8*i**2 + 8*i - 5. Let u be w(7). Is (z/(-3))/(u/(-42)) composite?
Tru